{"id":76,"date":"2017-11-21T10:16:01","date_gmt":"2017-11-21T12:16:01","guid":{"rendered":"https:\/\/www.radiodoctor.com.br\/site\/?page_id=76"},"modified":"2018-03-23T00:09:55","modified_gmt":"2018-03-23T02:09:55","slug":"radiografia-periapical","status":"publish","type":"page","link":"https:\/\/www.radiodoctor.com.br\/site\/radiografia-periapical\/","title":{"rendered":"Radiografia Periapical"},"content":{"rendered":"<div class=\"wpb-content-wrapper\">[vc_row][vc_column width=&#8221;1\/3&#8243;][vc_column_text]\n<h4><span style=\"color: #ffffff;\">Tem como objetivo mostrar os dentes e os tecidos circunjacentes a seus \u00e1pices. Feitas pela t\u00e9cnica da bissetriz e do paralelismo (cone longo). Indicadas para avaliar as rela\u00e7\u00f5es anat\u00f4micas entre as denti\u00e7\u00f5es dec\u00eddua e permanente; a presen\u00e7a de altera\u00e7\u00f5es coron\u00e1rias, tais como processos de c\u00e1ries, c\u00e1ries reincidentes sob restaura\u00e7\u00f5es; altera\u00e7\u00f5es pulpares e dentin\u00e1rias como c\u00e1ries, mineraliza\u00e7\u00f5es, n\u00f3dulos pulpares e forma da c\u00e2mara pulpar e dos condutos radiculares; na manipula\u00e7\u00e3o dos condutos radiculares, o conhecimento da forma, do tamanho e do n\u00famero de ra\u00edzes dent\u00e1rias; a exist\u00eancia de anomalias dent\u00e1rias, reabsor\u00e7\u00f5es radiculares internas e externas.<\/span><\/h4>\n[\/vc_column_text][\/vc_column][vc_column width=&#8221;1\/3&#8243;][vc_column_text]<span style=\"font-family: verdana; font-size: small;\"><img loading=\"lazy\" decoding=\"async\" class=\"aligncenter\" src=\"http:\/\/radiodoctor.com.br\/etc\/ser01.jpg\" width=\"337\" height=\"257\" border=\"0\" \/><\/span>[\/vc_column_text][\/vc_column][vc_column width=&#8221;1\/3&#8243;][vc_widget_sidebar sidebar_id=&#8221;sidebar-1&#8243;][\/vc_column][\/vc_row]\n<\/div>","protected":false},"excerpt":{"rendered":"<p>[vc_row][vc_column width=&#8221;1\/3&#8243;][vc_column_text] Tem como objetivo mostrar os dentes e os tecidos circunjacentes a seus \u00e1pices. Feitas pela t\u00e9cnica da bissetriz e do paralelismo (cone longo). Indicadas para avaliar as rela\u00e7\u00f5es anat\u00f4micas entre as denti\u00e7\u00f5es dec\u00eddua e permanente; a presen\u00e7a de altera\u00e7\u00f5es coron\u00e1rias, tais como processos de c\u00e1ries, c\u00e1ries reincidentes sob restaura\u00e7\u00f5es; altera\u00e7\u00f5es pulpares e dentin\u00e1rias [&hellip;]<\/p>\n","protected":false},"author":1,"featured_media":0,"parent":0,"menu_order":0,"comment_status":"closed","ping_status":"closed","template":"","meta":{"footnotes":""},"_links":{"self":[{"href":"https:\/\/www.radiodoctor.com.br\/site\/wp-json\/wp\/v2\/pages\/76"}],"collection":[{"href":"https:\/\/www.radiodoctor.com.br\/site\/wp-json\/wp\/v2\/pages"}],"about":[{"href":"https:\/\/www.radiodoctor.com.br\/site\/wp-json\/wp\/v2\/types\/page"}],"author":[{"embeddable":true,"href":"https:\/\/www.radiodoctor.com.br\/site\/wp-json\/wp\/v2\/users\/1"}],"replies":[{"embeddable":true,"href":"https:\/\/www.radiodoctor.com.br\/site\/wp-json\/wp\/v2\/comments?post=76"}],"version-history":[{"count":5,"href":"https:\/\/www.radiodoctor.com.br\/site\/wp-json\/wp\/v2\/pages\/76\/revisions"}],"predecessor-version":[{"id":304,"href":"https:\/\/www.radiodoctor.com.br\/site\/wp-json\/wp\/v2\/pages\/76\/revisions\/304"}],"wp:attachment":[{"href":"https:\/\/www.radiodoctor.com.br\/site\/wp-json\/wp\/v2\/media?parent=76"}],"curies":[{"name":"wp","href":"https:\/\/api.w.org\/{rel}","templated":true}]}}

<div class="wpb-content-wrapper">[vc_row][vc_column width=&#8221;1/3&#8243;][vc_column_text]
<h4><span style="color: #ffffff;">Tem como objetivo mostrar os dentes e os tecidos circunjacentes a seus ápices. Feitas pela técnica da bissetriz e do paralelismo (cone longo). Indicadas para avaliar as relações anatômicas entre as dentições decídua e permanente; a presença de alterações coronárias, tais como processos de cáries, cáries reincidentes sob restaurações; alterações pulpares e dentinárias como cáries, mineralizações, nódulos pulpares e forma da câmara pulpar e dos condutos radiculares; na manipulação dos condutos radiculares, o conhecimento da forma, do tamanho e do número de raízes dentárias; a existência de anomalias dentárias, reabsorções radiculares internas e externas.</span></h4>
[/vc_column_text][/vc_column][vc_column width=&#8221;1/3&#8243;][vc_column_text]<span style="font-family: verdana; font-size: small;"><img loading="lazy" decoding="async" class="aligncenter" src="http://radiodoctor.com.br/etc/ser01.jpg" width="337" height="257" border="0" /></span>[/vc_column_text][/vc_column][vc_column width=&#8221;1/3&#8243;][vc_widget_sidebar sidebar_id=&#8221;sidebar-1&#8243;][/vc_column][/vc_row]
</div>

<p>[vc_row][vc_column width=&#8221;1/3&#8243;][vc_column_text] Tem como objetivo mostrar os dentes e os tecidos circunjacentes a seus ápices. Feitas pela técnica da bissetriz e do paralelismo (cone longo). Indicadas para avaliar as relações anatômicas entre as dentições decídua e permanente; a presença de alterações coronárias, tais como processos de cáries, cáries reincidentes sob restaurações; alterações pulpares e dentinárias [&hellip;]</p>
