{"id":101,"date":"2017-11-21T10:52:49","date_gmt":"2017-11-21T12:52:49","guid":{"rendered":"https:\/\/www.radiodoctor.com.br\/site\/?page_id=101"},"modified":"2018-03-23T00:30:22","modified_gmt":"2018-03-23T02:30:22","slug":"radiografia-panoramica-implante","status":"publish","type":"page","link":"https:\/\/www.radiodoctor.com.br\/site\/radiografia-panoramica-implante\/","title":{"rendered":"Radiografia Panor\u00e2mica Implante"},"content":{"rendered":"<div class=\"wpb-content-wrapper\">[vc_row][vc_column width=&#8221;1\/3&#8243;][vc_empty_space][vc_column_text]\n<h4><span style=\"color: #ffffff;\">Para a visualiza\u00e7\u00e3o dos reparos anat\u00f4micos mais importantes como fossas nasais, espinha nasal anterior, pilar canino, palato \u00f3sseo, seio maxilar, forame mentoniano e canal mandibular.Podendo ser acompanhada de medidas para auxiliar no implante, impresso em transpar\u00eancia.<\/span><\/h4>\n[\/vc_column_text][\/vc_column][vc_column width=&#8221;1\/3&#8243;][\/vc_column][vc_column width=&#8221;1\/3&#8243;][vc_widget_sidebar sidebar_id=&#8221;sidebar-1&#8243;][\/vc_column][\/vc_row][vc_row][vc_column][vc_column_text]\n[\/vc_column_text][\/vc_column][\/vc_row]\n<\/div>","protected":false},"excerpt":{"rendered":"<p>[vc_row][vc_column width=&#8221;1\/3&#8243;][vc_empty_space][vc_column_text] Para a visualiza\u00e7\u00e3o dos reparos anat\u00f4micos mais importantes como fossas nasais, espinha nasal anterior, pilar canino, palato \u00f3sseo, seio maxilar, forame mentoniano e canal mandibular.Podendo ser acompanhada de medidas para auxiliar no implante, impresso em transpar\u00eancia. [\/vc_column_text][\/vc_column][vc_column width=&#8221;1\/3&#8243;][\/vc_column][vc_column width=&#8221;1\/3&#8243;][vc_widget_sidebar sidebar_id=&#8221;sidebar-1&#8243;][\/vc_column][\/vc_row][vc_row][vc_column][vc_column_text] [\/vc_column_text][\/vc_column][\/vc_row]<\/p>\n","protected":false},"author":1,"featured_media":0,"parent":0,"menu_order":0,"comment_status":"closed","ping_status":"closed","template":"","meta":{"footnotes":""},"_links":{"self":[{"href":"https:\/\/www.radiodoctor.com.br\/site\/wp-json\/wp\/v2\/pages\/101"}],"collection":[{"href":"https:\/\/www.radiodoctor.com.br\/site\/wp-json\/wp\/v2\/pages"}],"about":[{"href":"https:\/\/www.radiodoctor.com.br\/site\/wp-json\/wp\/v2\/types\/page"}],"author":[{"embeddable":true,"href":"https:\/\/www.radiodoctor.com.br\/site\/wp-json\/wp\/v2\/users\/1"}],"replies":[{"embeddable":true,"href":"https:\/\/www.radiodoctor.com.br\/site\/wp-json\/wp\/v2\/comments?post=101"}],"version-history":[{"count":3,"href":"https:\/\/www.radiodoctor.com.br\/site\/wp-json\/wp\/v2\/pages\/101\/revisions"}],"predecessor-version":[{"id":312,"href":"https:\/\/www.radiodoctor.com.br\/site\/wp-json\/wp\/v2\/pages\/101\/revisions\/312"}],"wp:attachment":[{"href":"https:\/\/www.radiodoctor.com.br\/site\/wp-json\/wp\/v2\/media?parent=101"}],"curies":[{"name":"wp","href":"https:\/\/api.w.org\/{rel}","templated":true}]}}